 u = 14641 + -5444. Is u composite?
True
Suppose -5*s = 5*g - 3*g + 58, -2*g - 76 = -4*s. Let c be 1 - 1/(-3) - g/51. Suppose -7*v = -c*v - 7775. Is v a composite number?
True
Suppose 0*d = -4*d - o + 2481, 4*d + 3*o = 2491. Is d composite?
False
Suppose 11287601 + 700364 + 5107700 = 111*m. Is m composite?
True
Let l = -3353 - -3445. Suppose -508 = f + 3*f. Let s = l - f. Is s a composite number?
True
Suppose -59*h + 8238866 = -11612451. Is h prime?
True
Let r = -26 - -15. Let a(w) = 3*w**3 - 27*w**2 - 22*w + 1. Let z(k) = k**3 - 2*k**2 - 2*k - 1. Let y(g) = a(g) - 5*z(g). Is y(r) a prime number?
True
Let d = -606 - -606. Suppose 11101 = 34*r - 33*r - c, d = 3*r + 5*c - 33335. Is r composite?
True
Suppose 0*c - 6 = 2*c + 3*t, -2*t - 4 = -4*c. Suppose q - 5*h - 2775 = c, h - 1766 - 1033 = -q. Let i = q - 1042. Is i a prime number?
True
Suppose -4 + 4 = -11*v. Suppose -8 = -0*d - 2*d, -3*x + 4*d + 30383 = v. Is x prime?
True
Let s = -68172 + 110213. Let y = -7870 + s. Is y a prime number?
True
Let b(o) = 53 + 3*o**2 - 8*o + 28*o - 24*o - 12*o. Is b(24) prime?
False
Let p = 24 + -50. Is (-4)/p - (-2218182)/1066 a prime number?
True
Let k = -134357 + 199674. Suppose -k = -10*i - 13847. Is i prime?
True
Suppose 0 = -6*a + 4977 + 3663. Suppose 2*o + 2880 = -l, -o + 3*l - a = -2*l. Let k = o - -4163. Is k a prime number?
False
Suppose -200 + 10 = -10*z. Suppose z*u = 6*u + 216697. Is u a composite number?
True
Suppose -5*p + 2*p - 2*w = -400, 280 = 2*p - 2*w. Let l = -125 + p. Is l prime?
True
Suppose 44*d - 46*d = 8, -2*f - 5*d + 66392 = 0. Is f composite?
True
Suppose -57*o = -14*o - 355309. Is o composite?
False
Let k be (-366)/7 - 4/(-14). Let d = -50 - k. Suppose -1766 = -3*j + 5*l, 2*j - 585 = j - d*l. Is j composite?
False
Is (121202/(-5))/(-6*(-12)/(-1260 + 0)) prime?
False
Let j(u) = -u**2 + 15*u + 31. Let b = -29 - -46. Let s be j(b). Is (s/(-2))/((-2)/(-900)) + -2 composite?
False
Let x(j) = -2*j**3 + 11*j**2 + 9*j - 40. Let l be x(6). Is (121/l)/((-8685)/8682 + 1) prime?
False
Suppose 59906 = 2*x - 5*y, 0 = 4*x - 3*y - 101038 - 18718. Is x prime?
False
Let b(u) = -u**3 + 0*u**3 - 8*u**2 + 0*u**3 + 5*u - 5. Let v = -1314 + 1304. Is b(v) a prime number?
False
Let z(q) be the third derivative of q**6/120 - 4*q**5/15 - 2*q**4/3 - 13*q**3/6 + 17*q**2. Let r be z(17). Suppose 1768 + 300 = r*u. Is u a composite number?
True
Let q be (9/6)/(15/(-20600)). Let t = -1230 - q. Suppose 3*r - 1241 = 4*u, 0 = r + r - 2*u - t. Is r composite?
False
Let i(d) = 2*d - 871. Suppose -3*v - 6 = 4*q - 0, 4*q - 3*v = 6. Let s be i(q). Let a = -284 - s. Is a a composite number?
False
Let v(t) = 38*t - 771 + 387 + 280*t**2 - t + 388. Is v(-11) prime?
False
Let q(h) = -12 - 46 + 9 - 642*h + 0. Is q(-6) composite?
False
Suppose 144*u + 3*k - 42647 = 143*u, 4*u + 3*k - 170570 = 0. Is u a prime number?
True
Is ((-2918403)/(-45))/(42/490) composite?
True
Let v = 56 + -104. Let k be 2/3 + (-134896)/v. Suppose -8*n + k + 4925 = 0. Is n prime?
True
Let a(u) = u**3 + 14*u**2 - 16*u - 315. Is a(26) prime?
True
Suppose 0 = 5*p + 5*v - 2347 - 643, 5*p + v - 2978 = 0. Suppose 8*y - 10661 = p. Suppose y = 3*t - 0*t. Is t prime?
False
Let m(c) = -10 - 3*c - 8*c + 0*c**2 + c**2 + 2. Let b be m(12). Suppose 19 - 203 = -b*y. Is y prime?
False
Is ((-252)/108)/(77/(-39808131)) a prime number?
True
Let l(h) = -h**3 - 6*h**2 - h + 7. Let b be l(-6). Suppose -11*d - 4380 = -b*d. Let f = d + -1559. Is f a composite number?
False
Let q be 2/(-7) - (-92)/28. Suppose 3*g - 3*l - 2154 = -5*l, 718 = g - q*l. Suppose -2393 = -5*z - g. Is z a composite number?
True
Suppose s + 22 = 24. Let q(y) = 28*y**3 + 5*y**2 - 5*y + 1. Is q(s) a composite number?
True
Is 16/6 + 1295710/30 a prime number?
False
Let y be 8/(-36) + 6/27 + 2. Let w be -1*(-3 - (-6)/y). Suppose w = -b - 4*a - 26 + 397, -5*b + a = -1834. Is b a prime number?
True
Let c be ((-8677)/2*-1)/((-25)/(-50)). Let s = -4986 + c. Is s a prime number?
True
Suppose 4*u + 75875 = 3*p, 47*p = 43*p - 4*u + 101232. Is p prime?
True
Let c(a) = 1288*a**2 - 272*a + 39. Is c(-20) prime?
True
Suppose -3*l = -105*o + 84*o + 649923, -92845 = -3*o + l. Is o composite?
False
Let t(v) be the third derivative of -103*v**4/24 + 31*v**3 - 60*v**2. Is t(-7) a prime number?
True
Let g be -2*(32/4 - 9). Suppose 2*m - 2401 = -g*y + 5*y, 2*m - y = 2399. Is m prime?
False
Let l(o) be the first derivative of -147*o**2/2 + 62*o + 48. Is l(-13) composite?
False
Suppose 5*w = -0*w - 2*k + 16, 3*k - 13 = -2*w. Suppose z + w*x = 1795, 451 = 4*z + 3*x - 6744. Is z a composite number?
False
Let c(a) = 13*a**2 - 447*a - 203. Is c(58) a composite number?
True
Suppose 0 = f - 115 + 1313. Let g = f - -2112. Is g prime?
False
Suppose -8 = 5*z + 7, 3*u + 5847 = 3*z. Let m = u + 3609. Is m a composite number?
False
Suppose -5*m - 61404 = -5*y + 22671, -2*y - 12*m + 33574 = 0. Is y a prime number?
True
Suppose 4*h + 25 - 5 = 0, 365752 = i - h. Is i prime?
True
Let t(i) = 3*i**2 + 5*i - 2. Let x be t(3). Suppose 31*q - x*q = -34443. Is q composite?
True
Is 64401/(-1)*(1 + -2) a composite number?
True
Suppose -6*u - 2125 = -9301. Suppose 0 = 4*w - 12*p + 11*p - 1583, 3*w + p = u. Is w composite?
False
Suppose 0 = -n + 3*f + 33086, 3*f = -2*n + 26326 + 39801. Is n composite?
False
Let v(l) = -l + 18. Let g be v(-4). Suppose 4*p + 6 = g. Suppose -361 = -3*t + p*h, -2*h - 3*h + 660 = 5*t. Is t prime?
True
Let a(v) = -2*v**2 - 14*v + 9. Let l(r) = -r**3 - 4*r**2 + 5*r - 7. Let y be l(-5). Let n be a(y). Suppose 0*z + n*z = 234. Is z a composite number?
True
Let f = 9611 + 4298. Is f a prime number?
False
Let l = 1720224 + -1054787. Is l composite?
True
Let f = -725 - -134. Let w = 1264 + f. Is w a prime number?
True
Let i(v) = 974*v + 74. Let h be i(9). Suppose -3*f + 4413 = 4*s, -s = 5*f + 1485 - h. Is f a composite number?
False
Suppose -d + 1 = 4*n - 9, d + 2 = 2*n. Suppose 3*p + 2*x = n*p + 5705, 0 = -2*p + 5*x + 11446. Is p prime?
False
Let i = 12 + -7. Let q(c) = 2*c**3 + 44*c**2 - 2. Let u be q(-22). Is (-5)/(i/(-403)) + u a composite number?
False
Suppose 0 = 3*u, 5*d - 2*u - 10 - 110 = 0. Let p be -2 + d/10 + (-372)/30. Is 1998/9 - 3/((-9)/p) a prime number?
False
Suppose 3*v - 3*n + 6 = 0, -4*n + 8 = -5*v + 3*v. Suppose v = -132*y + 127*y + 6455. Is y a prime number?
True
Let m = -21819 - -42282. Suppose -5*h + m = -6*l + 8*l, 12 = 3*l. Is h prime?
True
Is (-1843370)/2*((-132)/(-88) - (-34)/(-20)) composite?
False
Suppose 7*z = 368 - 18. Suppose w + 2 = 0, 651 = 3*s + 4*w + z. Is s prime?
False
Let z(l) = -24*l**3 - 2*l**2 - 9*l - 10. Let y be z(-3). Suppose -r + y + 7760 = 0. Is r composite?
True
Suppose -16371 = -12*s + 25113. Let y = s + -2290. Is y composite?
True
Let m = 1404 - 701. Let t = -480 + m. Is t a composite number?
False
Is (86/(-301)*(-6 - 1))/(28/25522) a composite number?
False
Let u be -205*(1 - (4 - 2)). Suppose 130 - 500 = 5*v. Let p = u + v. Is p a prime number?
True
Let i(b) = -7 - 19*b - 21*b + 137*b. Let w be i(4). Is w + -2 + 4/(2 + -4) a prime number?
False
Suppose -k + 9 = -5. Suppose 4*j - 26 = k. Suppose -2705 = j*x - 15*x. Is x a composite number?
False
Let p be -1 + 15 + 70/(-14). Is (2895 + -3)*57/p + 3 a prime number?
False
Let u = -656 - -1421. Let n(f) = -f + 136. Let l be n(0). Let w = l + u. Is w a prime number?
False
Is (-2 - -3)*(16104 - 17) a prime number?
True
Let g = 6484 + 38893. Is g a composite number?
False
Let a(l) = l**3 + 9*l**2 + 7*l + 3. Let o be a(-8). Let v(b) = 294*b + 79. Is v(o) composite?
False
Let f(z) = -57*z + 22. Let x(i) = -i**2 + 2*i + 3. Let b = 63 - 59. Let k be x(b). Is f(k) prime?
True
Suppose 0 = -2*f + 132 + 58. Is ((-14)/20 + 19/f)*-2402 composite?
False
Let n be 2/(4/(-1))*0. Let w(o) = 447 - 92 + 366 - 3*o. Is w(n) a prime number?
False
Suppose 17*q + 28*q = -6*q + 853383. Is q composite?
True
Let q(a) = 16*a + 100. Let r be q(-6). Suppose -3*p + 3260 = n, 5*p + 0*p - 5431 = -r*n. Is p a composite number?
False
Let l(y) = 9261*y + 1192. Is l(7) a composite number?
True
Is 122856/2 + 1 + 42/(-7) a prime number?
False
Let z = -61559 + 103860. Is z a composite number?
True
Let k be (-1 + -34)*(-7 + (-235)/(-25)). Let c = 67 + k. Let w(d) = d**3 + 16*d**2 - 22*d + 12. Is w(c) a prime number?
True
Let b